{"id":278781,"date":"2025-08-10T07:06:17","date_gmt":"2025-08-10T05:06:17","guid":{"rendered":"https:\/\/wpexp.com.au\/cherycentrum\/?page_id=278781"},"modified":"2025-09-17T10:19:42","modified_gmt":"2025-09-17T08:19:42","slug":"arlistak","status":"publish","type":"page","link":"https:\/\/wpexp.com.au\/cherycentrum\/arlistak\/","title":{"rendered":"\u00c1rlist\u00e1k"},"content":{"rendered":"<p>[et_pb_section fb_built=&#8221;1&#8243; fullwidth=&#8221;on&#8221; _builder_version=&#8221;4.27.4&#8243; _module_preset=&#8221;default&#8221; global_colors_info=&#8221;{}&#8221;][et_pb_fullwidth_header title=&#8221;\u00c1RLIST\u00c1K&#8221; header_fullscreen=&#8221;on&#8221; header_image_url=&#8221;https:\/\/wpexp.com.au\/cherycentrum\/wp-content\/uploads\/2025\/08\/7-ev-garancia_V4-OUTLINED_WHITE.png&#8221; _builder_version=&#8221;4.27.4&#8243; _module_preset=&#8221;default&#8221; title_font=&#8221;|700||on|||||&#8221; title_font_size=&#8221;40px&#8221; background_color=&#8221;RGBA(255,255,255,0)&#8221; background_image=&#8221;https:\/\/wpexp.com.au\/cherycentrum\/wp-content\/uploads\/2025\/08\/Cherycentrum_tiggo7_biztonsag1-scaled.jpg&#8221; parallax=&#8221;on&#8221; link_option_url=&#8221;#arlistak&#8221; title_text_shadow_style=&#8221;preset3&#8243; global_colors_info=&#8221;{}&#8221;][\/et_pb_fullwidth_header][\/et_pb_section][et_pb_section fb_built=&#8221;1&#8243; module_id=&#8221;arlistak&#8221; _builder_version=&#8221;4.27.4&#8243; _module_preset=&#8221;default&#8221; global_module=&#8221;278790&#8243; saved_tabs=&#8221;all&#8221; global_colors_info=&#8221;{}&#8221;][et_pb_row column_structure=&#8221;1_5,1_5,1_5,1_5,1_5&#8243; make_equal=&#8221;on&#8221; _builder_version=&#8221;4.27.4&#8243; _module_preset=&#8221;default&#8221; hover_enabled=&#8221;0&#8243; global_colors_info=&#8221;{}&#8221; sticky_enabled=&#8221;0&#8243; min_height=&#8221;475px&#8221;][et_pb_column type=&#8221;1_5&#8243; _builder_version=&#8221;4.27.4&#8243; _module_preset=&#8221;default&#8221; background_color=&#8221;#B6AFA5&#8243; custom_padding=&#8221;15px|10px|15px|10px|false|false&#8221; box_shadow_style=&#8221;preset1&#8243; global_colors_info=&#8221;{}&#8221; transform_styles__hover_enabled=&#8221;on|hover&#8221; transform_scale__hover_enabled=&#8221;on|hover&#8221; transform_translate__hover_enabled=&#8221;on|desktop&#8221; transform_rotate__hover_enabled=&#8221;on|desktop&#8221; transform_skew__hover_enabled=&#8221;on|desktop&#8221; transform_origin__hover_enabled=&#8221;on|desktop&#8221; transform_scale__hover=&#8221;105%|105%&#8221;][et_pb_image src=&#8221;https:\/\/wpexp.com.au\/cherycentrum\/wp-content\/uploads\/2025\/07\/FINAL_CHERY_CENTRUM-_LOGO_VERTICAL_WHITE.png&#8221; _builder_version=&#8221;4.27.4&#8243; _module_preset=&#8221;default&#8221; global_colors_info=&#8221;{}&#8221;][\/et_pb_image][et_pb_image src=&#8221;https:\/\/wpexp.com.au\/cherycentrum\/wp-content\/uploads\/2022\/11\/Cherycentrum_tiggo4_menupic1.png&#8221; title_text=&#8221;tiggo7_benzin_nb&#8221; _builder_version=&#8221;4.27.4&#8243; _module_preset=&#8221;default&#8221; hover_enabled=&#8221;0&#8243; global_colors_info=&#8221;{}&#8221; sticky_enabled=&#8221;0&#8243;][\/et_pb_image][et_pb_text _builder_version=&#8221;4.27.4&#8243; _module_preset=&#8221;default&#8221; header_3_font=&#8221;|||on|||||&#8221; header_3_text_color=&#8221;#FFFFFF&#8221; header_3_font_size=&#8221;20px&#8221; hover_enabled=&#8221;0&#8243; global_colors_info=&#8221;{}&#8221; sticky_enabled=&#8221;0&#8243;]<\/p>\n<h3 style=\"text-align: center;\">TIGGO 4 Full-hibrid \u00e1rlista<\/h3>\n<p>[\/et_pb_text][et_pb_button button_url=&#8221;@ET-DC@eyJkeW5hbWljIjp0cnVlLCJjb250ZW50IjoicG9zdF9saW5rX3VybF9hdHRhY2htZW50Iiwic2V0dGluZ3MiOnsicG9zdF9pZCI6IjI3OTI3MyJ9fQ==@&#8221; url_new_window=&#8221;on&#8221; button_text=&#8221;Megn\u00e9zem&#8221; button_alignment=&#8221;center&#8221; _builder_version=&#8221;4.27.4&#8243; _dynamic_attributes=&#8221;button_url&#8221; _module_preset=&#8221;default&#8221; custom_button=&#8221;on&#8221; button_text_color=&#8221;#FFFFFF&#8221; hover_enabled=&#8221;0&#8243; global_colors_info=&#8221;{}&#8221; button_text_size=&#8221;16px&#8221; sticky_enabled=&#8221;0&#8243; positioning=&#8221;absolute&#8221; position_origin_f=&#8221;bottom_center&#8221; position_origin_r=&#8221;bottom_right&#8221; position_origin_a=&#8221;bottom_center&#8221; vertical_offset=&#8221;20px&#8221;][\/et_pb_button][\/et_pb_column][et_pb_column type=&#8221;1_5&#8243; _builder_version=&#8221;4.27.4&#8243; _module_preset=&#8221;default&#8221; background_color=&#8221;#B6AFA5&#8243; custom_padding=&#8221;15px|10px|15px|10px|false|false&#8221; box_shadow_style=&#8221;preset1&#8243; global_colors_info=&#8221;{}&#8221; transform_styles__hover_enabled=&#8221;on|hover&#8221; transform_scale__hover_enabled=&#8221;on|hover&#8221; transform_translate__hover_enabled=&#8221;on|desktop&#8221; transform_rotate__hover_enabled=&#8221;on|desktop&#8221; transform_skew__hover_enabled=&#8221;on|desktop&#8221; transform_origin__hover_enabled=&#8221;on|desktop&#8221; transform_scale__hover=&#8221;105%|105%&#8221;][et_pb_image src=&#8221;https:\/\/wpexp.com.au\/cherycentrum\/wp-content\/uploads\/2025\/07\/FINAL_CHERY_CENTRUM-_LOGO_VERTICAL_WHITE.png&#8221; _builder_version=&#8221;4.27.4&#8243; _module_preset=&#8221;default&#8221; global_colors_info=&#8221;{}&#8221;][\/et_pb_image][et_pb_image src=&#8221;https:\/\/wpexp.com.au\/cherycentrum\/wp-content\/uploads\/2025\/08\/Cherycentrum_tiggo7_arlista1.png&#8221; title_text=&#8221;tiggo7_benzin_nb&#8221; _builder_version=&#8221;4.27.4&#8243; _module_preset=&#8221;default&#8221; global_colors_info=&#8221;{}&#8221;][\/et_pb_image][et_pb_text _builder_version=&#8221;4.27.4&#8243; _module_preset=&#8221;default&#8221; header_3_font=&#8221;|||on|||||&#8221; header_3_text_color=&#8221;#FFFFFF&#8221; header_3_font_size=&#8221;20px&#8221; global_colors_info=&#8221;{}&#8221;]<\/p>\n<h3 style=\"text-align: center;\">TIGGO 7 benzines \u00e1rlista<\/h3>\n<p>[\/et_pb_text][et_pb_button button_url=&#8221;@ET-DC@eyJkeW5hbWljIjp0cnVlLCJjb250ZW50IjoicG9zdF9saW5rX3VybF9hdHRhY2htZW50Iiwic2V0dGluZ3MiOnsicG9zdF9pZCI6IjI3OTI3MyJ9fQ==@&#8221; url_new_window=&#8221;on&#8221; button_text=&#8221;Megn\u00e9zem&#8221; button_alignment=&#8221;center&#8221; _builder_version=&#8221;4.27.4&#8243; _dynamic_attributes=&#8221;button_url&#8221; _module_preset=&#8221;default&#8221; custom_button=&#8221;on&#8221; button_text_color=&#8221;#FFFFFF&#8221; hover_enabled=&#8221;0&#8243; global_colors_info=&#8221;{}&#8221; button_text_size=&#8221;16px&#8221; sticky_enabled=&#8221;0&#8243; positioning=&#8221;absolute&#8221; position_origin_a=&#8221;bottom_center&#8221; vertical_offset=&#8221;20px&#8221;][\/et_pb_button][\/et_pb_column][et_pb_column type=&#8221;1_5&#8243; _builder_version=&#8221;4.27.4&#8243; _module_preset=&#8221;default&#8221; background_color=&#8221;#B6AFA5&#8243; custom_padding=&#8221;15px|10px|15px|10px|false|false&#8221; box_shadow_style=&#8221;preset1&#8243; global_colors_info=&#8221;{}&#8221; transform_styles__hover_enabled=&#8221;on|hover&#8221; transform_scale__hover=&#8221;105%|105%&#8221; transform_scale__hover_enabled=&#8221;on|hover&#8221; transform_translate__hover_enabled=&#8221;on|desktop&#8221; transform_rotate__hover_enabled=&#8221;on|desktop&#8221; transform_skew__hover_enabled=&#8221;on|desktop&#8221; transform_origin__hover_enabled=&#8221;on|desktop&#8221;][et_pb_image src=&#8221;https:\/\/wpexp.com.au\/cherycentrum\/wp-content\/uploads\/2025\/07\/FINAL_CHERY_CENTRUM-_LOGO_VERTICAL_WHITE.png&#8221; _builder_version=&#8221;4.27.4&#8243; _module_preset=&#8221;default&#8221; global_colors_info=&#8221;{}&#8221;][\/et_pb_image][et_pb_image src=&#8221;https:\/\/wpexp.com.au\/cherycentrum\/wp-content\/uploads\/2025\/08\/Cherycentrum_tiggo7_CSH_nb.png&#8221; _builder_version=&#8221;4.27.4&#8243; _module_preset=&#8221;default&#8221; global_colors_info=&#8221;{}&#8221;][\/et_pb_image][et_pb_text _builder_version=&#8221;4.27.4&#8243; _module_preset=&#8221;default&#8221; header_3_font=&#8221;|||on|||||&#8221; header_3_text_color=&#8221;#FFFFFF&#8221; header_3_font_size=&#8221;20px&#8221; global_colors_info=&#8221;{}&#8221;]<\/p>\n<h3 style=\"text-align: center;\">TIGGO 7 Pug-in Hibrid \u00e1rlista<\/h3>\n<p>[\/et_pb_text][et_pb_button button_url=&#8221;@ET-DC@eyJkeW5hbWljIjp0cnVlLCJjb250ZW50IjoicG9zdF9saW5rX3VybF9hdHRhY2htZW50Iiwic2V0dGluZ3MiOnsicG9zdF9pZCI6IjI3OTI3MiJ9fQ==@&#8221; url_new_window=&#8221;on&#8221; button_text=&#8221;Megn\u00e9zem&#8221; button_alignment=&#8221;center&#8221; _builder_version=&#8221;4.27.4&#8243; _dynamic_attributes=&#8221;button_url&#8221; _module_preset=&#8221;default&#8221; custom_button=&#8221;on&#8221; button_text_color=&#8221;#FFFFFF&#8221; hover_enabled=&#8221;0&#8243; global_colors_info=&#8221;{}&#8221; button_text_size=&#8221;16px&#8221; sticky_enabled=&#8221;0&#8243; positioning=&#8221;absolute&#8221; position_origin_a=&#8221;bottom_center&#8221; vertical_offset=&#8221;20px&#8221;][\/et_pb_button][\/et_pb_column][et_pb_column type=&#8221;1_5&#8243; _builder_version=&#8221;4.27.4&#8243; _module_preset=&#8221;default&#8221; background_color=&#8221;#B6AFA5&#8243; custom_padding=&#8221;15px|10px|15px|10px|false|false&#8221; box_shadow_style=&#8221;preset1&#8243; global_colors_info=&#8221;{}&#8221; transform_styles__hover_enabled=&#8221;on|hover&#8221; transform_scale__hover=&#8221;105%|105%&#8221; transform_scale__hover_enabled=&#8221;on|hover&#8221; transform_translate__hover_enabled=&#8221;on|desktop&#8221; transform_rotate__hover_enabled=&#8221;on|desktop&#8221; transform_skew__hover_enabled=&#8221;on|desktop&#8221; transform_origin__hover_enabled=&#8221;on|desktop&#8221;][et_pb_image src=&#8221;https:\/\/wpexp.com.au\/cherycentrum\/wp-content\/uploads\/2025\/07\/FINAL_CHERY_CENTRUM-_LOGO_VERTICAL_WHITE.png&#8221; _builder_version=&#8221;4.27.4&#8243; _module_preset=&#8221;default&#8221; global_colors_info=&#8221;{}&#8221;][\/et_pb_image][et_pb_image src=&#8221;https:\/\/wpexp.com.au\/cherycentrum\/wp-content\/uploads\/2025\/08\/Cherycentrum_tiggo8_benzin_nb.png&#8221; _builder_version=&#8221;4.27.4&#8243; _module_preset=&#8221;default&#8221; global_colors_info=&#8221;{}&#8221;][\/et_pb_image][et_pb_text _builder_version=&#8221;4.27.4&#8243; _module_preset=&#8221;default&#8221; header_3_font=&#8221;|||on|||||&#8221; header_3_text_color=&#8221;#FFFFFF&#8221; header_3_font_size=&#8221;20px&#8221; global_colors_info=&#8221;{}&#8221;]<\/p>\n<h3 style=\"text-align: center;\">TIGGO 8 benzines \u00e1rlista<\/h3>\n<p>[\/et_pb_text][et_pb_button button_url=&#8221;@ET-DC@eyJkeW5hbWljIjp0cnVlLCJjb250ZW50IjoicG9zdF9saW5rX3VybF9hdHRhY2htZW50Iiwic2V0dGluZ3MiOnsicG9zdF9pZCI6IjI3OTI3MSJ9fQ==@&#8221; url_new_window=&#8221;on&#8221; button_text=&#8221;Megn\u00e9zem&#8221; button_alignment=&#8221;center&#8221; _builder_version=&#8221;4.27.4&#8243; _dynamic_attributes=&#8221;button_url&#8221; _module_preset=&#8221;default&#8221; custom_button=&#8221;on&#8221; button_text_color=&#8221;#FFFFFF&#8221; hover_enabled=&#8221;0&#8243; global_colors_info=&#8221;{}&#8221; button_text_size=&#8221;16px&#8221; sticky_enabled=&#8221;0&#8243; positioning=&#8221;absolute&#8221; position_origin_a=&#8221;bottom_center&#8221; vertical_offset=&#8221;20px&#8221;][\/et_pb_button][\/et_pb_column][et_pb_column type=&#8221;1_5&#8243; _builder_version=&#8221;4.27.4&#8243; _module_preset=&#8221;default&#8221; background_color=&#8221;#B6AFA5&#8243; custom_padding=&#8221;15px|10px|15px|10px|false|false&#8221; box_shadow_style=&#8221;preset1&#8243; global_colors_info=&#8221;{}&#8221; transform_styles__hover_enabled=&#8221;on|hover&#8221; transform_scale__hover=&#8221;105%|105%&#8221; transform_scale__hover_enabled=&#8221;on|hover&#8221; transform_translate__hover_enabled=&#8221;on|desktop&#8221; transform_rotate__hover_enabled=&#8221;on|desktop&#8221; transform_skew__hover_enabled=&#8221;on|desktop&#8221; transform_origin__hover_enabled=&#8221;on|desktop&#8221;][et_pb_image src=&#8221;https:\/\/wpexp.com.au\/cherycentrum\/wp-content\/uploads\/2025\/07\/FINAL_CHERY_CENTRUM-_LOGO_VERTICAL_WHITE.png&#8221; _builder_version=&#8221;4.27.4&#8243; _module_preset=&#8221;default&#8221; global_colors_info=&#8221;{}&#8221;][\/et_pb_image][et_pb_image src=&#8221;https:\/\/wpexp.com.au\/cherycentrum\/wp-content\/uploads\/2025\/08\/Cherycentrum_tiggo8_CSH_nb.png&#8221; _builder_version=&#8221;4.27.4&#8243; _module_preset=&#8221;default&#8221; global_colors_info=&#8221;{}&#8221;][\/et_pb_image][et_pb_text _builder_version=&#8221;4.27.4&#8243; _module_preset=&#8221;default&#8221; header_3_font=&#8221;|||on|||||&#8221; header_3_text_color=&#8221;#FFFFFF&#8221; header_3_font_size=&#8221;20px&#8221; global_colors_info=&#8221;{}&#8221;]<\/p>\n<h3 style=\"text-align: center;\">TIGGO 8 Plug-in Hibrid \u00e1rlista<\/h3>\n<p>[\/et_pb_text][et_pb_button button_url=&#8221;@ET-DC@eyJkeW5hbWljIjp0cnVlLCJjb250ZW50IjoicG9zdF9saW5rX3VybF9hdHRhY2htZW50Iiwic2V0dGluZ3MiOnsicG9zdF9pZCI6IjI3OTI3NCJ9fQ==@&#8221; url_new_window=&#8221;on&#8221; button_text=&#8221;Megn\u00e9zem&#8221; button_alignment=&#8221;center&#8221; _builder_version=&#8221;4.27.4&#8243; _dynamic_attributes=&#8221;button_url&#8221; _module_preset=&#8221;default&#8221; custom_button=&#8221;on&#8221; button_text_color=&#8221;#FFFFFF&#8221; hover_enabled=&#8221;0&#8243; global_colors_info=&#8221;{}&#8221; button_text_size=&#8221;16px&#8221; sticky_enabled=&#8221;0&#8243; positioning=&#8221;absolute&#8221; position_origin_a=&#8221;bottom_center&#8221; vertical_offset=&#8221;20px&#8221;][\/et_pb_button][\/et_pb_column][\/et_pb_row][\/et_pb_section]<\/p>\n<span class=\"et_bloom_bottom_trigger\"><\/span>","protected":false},"excerpt":{"rendered":"<p>TIGGO 4 Full-hibrid \u00e1rlistaTIGGO 7 benzines \u00e1rlistaTIGGO 7 Pug-in Hibrid \u00e1rlistaTIGGO 8 benzines \u00e1rlistaTIGGO 8 Plug-in Hibrid \u00e1rlista<\/p>\n","protected":false},"author":1,"featured_media":0,"parent":0,"menu_order":0,"comment_status":"closed","ping_status":"closed","template":"","meta":{"_et_pb_use_builder":"on","_et_pb_old_content":"","_et_gb_content_width":"","footnotes":""},"class_list":["post-278781","page","type-page","status-publish","hentry"],"yoast_head":"<!-- This site is optimized with the Yoast SEO plugin v25.7 - https:\/\/yoast.com\/wordpress\/plugins\/seo\/ -->\n<title>\u00c1rlist\u00e1k - Chery Centrum<\/title>\n<meta name=\"robots\" content=\"index, follow, max-snippet:-1, max-image-preview:large, max-video-preview:-1\" \/>\n<link rel=\"canonical\" href=\"https:\/\/wpexp.com.au\/cherycentrum\/arlistak\/\" \/>\n<meta property=\"og:locale\" content=\"hu_HU\" \/>\n<meta property=\"og:type\" content=\"article\" \/>\n<meta property=\"og:title\" content=\"\u00c1rlist\u00e1k - Chery Centrum\" \/>\n<meta property=\"og:description\" content=\"TIGGO 4 Full-hibrid \u00e1rlistaTIGGO 7 benzines \u00e1rlistaTIGGO 7 Pug-in Hibrid \u00e1rlistaTIGGO 8 benzines \u00e1rlistaTIGGO 8 Plug-in Hibrid \u00e1rlista\" \/>\n<meta property=\"og:url\" content=\"https:\/\/wpexp.com.au\/cherycentrum\/arlistak\/\" \/>\n<meta property=\"og:site_name\" content=\"Chery Centrum\" \/>\n<meta property=\"article:publisher\" content=\"https:\/\/www.facebook.com\/profile.php?id=61574492608529\" \/>\n<meta property=\"article:modified_time\" content=\"2025-09-17T08:19:42+00:00\" \/>\n<meta name=\"twitter:card\" content=\"summary_large_image\" \/>\n<script type=\"application\/ld+json\" class=\"yoast-schema-graph\">{\"@context\":\"https:\/\/schema.org\",\"@graph\":[{\"@type\":\"WebPage\",\"@id\":\"https:\/\/wpexp.com.au\/cherycentrum\/arlistak\/\",\"url\":\"https:\/\/wpexp.com.au\/cherycentrum\/arlistak\/\",\"name\":\"\u00c1rlist\u00e1k - Chery Centrum\",\"isPartOf\":{\"@id\":\"https:\/\/wpexp.com.au\/cherycentrum\/#website\"},\"datePublished\":\"2025-08-10T05:06:17+00:00\",\"dateModified\":\"2025-09-17T08:19:42+00:00\",\"breadcrumb\":{\"@id\":\"https:\/\/wpexp.com.au\/cherycentrum\/arlistak\/#breadcrumb\"},\"inLanguage\":\"hu\",\"potentialAction\":[{\"@type\":\"ReadAction\",\"target\":[\"https:\/\/wpexp.com.au\/cherycentrum\/arlistak\/\"]}]},{\"@type\":\"BreadcrumbList\",\"@id\":\"https:\/\/wpexp.com.au\/cherycentrum\/arlistak\/#breadcrumb\",\"itemListElement\":[{\"@type\":\"ListItem\",\"position\":1,\"name\":\"Kezd\u0151lap\",\"item\":\"https:\/\/wpexp.com.au\/cherycentrum\/\"},{\"@type\":\"ListItem\",\"position\":2,\"name\":\"\u00c1rlist\u00e1k\"}]},{\"@type\":\"WebSite\",\"@id\":\"https:\/\/wpexp.com.au\/cherycentrum\/#website\",\"url\":\"https:\/\/wpexp.com.au\/cherycentrum\/\",\"name\":\"Chery Centrum\",\"description\":\"\",\"publisher\":{\"@id\":\"https:\/\/wpexp.com.au\/cherycentrum\/#organization\"},\"potentialAction\":[{\"@type\":\"SearchAction\",\"target\":{\"@type\":\"EntryPoint\",\"urlTemplate\":\"https:\/\/wpexp.com.au\/cherycentrum\/?s={search_term_string}\"},\"query-input\":{\"@type\":\"PropertyValueSpecification\",\"valueRequired\":true,\"valueName\":\"search_term_string\"}}],\"inLanguage\":\"hu\"},{\"@type\":\"Organization\",\"@id\":\"https:\/\/wpexp.com.au\/cherycentrum\/#organization\",\"name\":\"Chery Centrum\",\"url\":\"https:\/\/wpexp.com.au\/cherycentrum\/\",\"logo\":{\"@type\":\"ImageObject\",\"inLanguage\":\"hu\",\"@id\":\"https:\/\/wpexp.com.au\/cherycentrum\/#\/schema\/logo\/image\/\",\"url\":\"https:\/\/wpexp.com.au\/cherycentrum\/wp-content\/uploads\/2025\/07\/FINAL_CHERY_CENTRUM-_LOGO_HORIZONTAL_BLACK_RED.png\",\"contentUrl\":\"https:\/\/wpexp.com.au\/cherycentrum\/wp-content\/uploads\/2025\/07\/FINAL_CHERY_CENTRUM-_LOGO_HORIZONTAL_BLACK_RED.png\",\"width\":1643,\"height\":440,\"caption\":\"Chery Centrum\"},\"image\":{\"@id\":\"https:\/\/wpexp.com.au\/cherycentrum\/#\/schema\/logo\/image\/\"},\"sameAs\":[\"https:\/\/www.facebook.com\/profile.php?id=61574492608529\"]}]}<\/script>\n<!-- \/ Yoast SEO plugin. -->","yoast_head_json":{"title":"\u00c1rlist\u00e1k - Chery Centrum","robots":{"index":"index","follow":"follow","max-snippet":"max-snippet:-1","max-image-preview":"max-image-preview:large","max-video-preview":"max-video-preview:-1"},"canonical":"https:\/\/wpexp.com.au\/cherycentrum\/arlistak\/","og_locale":"hu_HU","og_type":"article","og_title":"\u00c1rlist\u00e1k - Chery Centrum","og_description":"TIGGO 4 Full-hibrid \u00e1rlistaTIGGO 7 benzines \u00e1rlistaTIGGO 7 Pug-in Hibrid \u00e1rlistaTIGGO 8 benzines \u00e1rlistaTIGGO 8 Plug-in Hibrid \u00e1rlista","og_url":"https:\/\/wpexp.com.au\/cherycentrum\/arlistak\/","og_site_name":"Chery Centrum","article_publisher":"https:\/\/www.facebook.com\/profile.php?id=61574492608529","article_modified_time":"2025-09-17T08:19:42+00:00","twitter_card":"summary_large_image","schema":{"@context":"https:\/\/schema.org","@graph":[{"@type":"WebPage","@id":"https:\/\/wpexp.com.au\/cherycentrum\/arlistak\/","url":"https:\/\/wpexp.com.au\/cherycentrum\/arlistak\/","name":"\u00c1rlist\u00e1k - Chery Centrum","isPartOf":{"@id":"https:\/\/wpexp.com.au\/cherycentrum\/#website"},"datePublished":"2025-08-10T05:06:17+00:00","dateModified":"2025-09-17T08:19:42+00:00","breadcrumb":{"@id":"https:\/\/wpexp.com.au\/cherycentrum\/arlistak\/#breadcrumb"},"inLanguage":"hu","potentialAction":[{"@type":"ReadAction","target":["https:\/\/wpexp.com.au\/cherycentrum\/arlistak\/"]}]},{"@type":"BreadcrumbList","@id":"https:\/\/wpexp.com.au\/cherycentrum\/arlistak\/#breadcrumb","itemListElement":[{"@type":"ListItem","position":1,"name":"Kezd\u0151lap","item":"https:\/\/wpexp.com.au\/cherycentrum\/"},{"@type":"ListItem","position":2,"name":"\u00c1rlist\u00e1k"}]},{"@type":"WebSite","@id":"https:\/\/wpexp.com.au\/cherycentrum\/#website","url":"https:\/\/wpexp.com.au\/cherycentrum\/","name":"Chery Centrum","description":"","publisher":{"@id":"https:\/\/wpexp.com.au\/cherycentrum\/#organization"},"potentialAction":[{"@type":"SearchAction","target":{"@type":"EntryPoint","urlTemplate":"https:\/\/wpexp.com.au\/cherycentrum\/?s={search_term_string}"},"query-input":{"@type":"PropertyValueSpecification","valueRequired":true,"valueName":"search_term_string"}}],"inLanguage":"hu"},{"@type":"Organization","@id":"https:\/\/wpexp.com.au\/cherycentrum\/#organization","name":"Chery Centrum","url":"https:\/\/wpexp.com.au\/cherycentrum\/","logo":{"@type":"ImageObject","inLanguage":"hu","@id":"https:\/\/wpexp.com.au\/cherycentrum\/#\/schema\/logo\/image\/","url":"https:\/\/wpexp.com.au\/cherycentrum\/wp-content\/uploads\/2025\/07\/FINAL_CHERY_CENTRUM-_LOGO_HORIZONTAL_BLACK_RED.png","contentUrl":"https:\/\/wpexp.com.au\/cherycentrum\/wp-content\/uploads\/2025\/07\/FINAL_CHERY_CENTRUM-_LOGO_HORIZONTAL_BLACK_RED.png","width":1643,"height":440,"caption":"Chery Centrum"},"image":{"@id":"https:\/\/wpexp.com.au\/cherycentrum\/#\/schema\/logo\/image\/"},"sameAs":["https:\/\/www.facebook.com\/profile.php?id=61574492608529"]}]}},"_links":{"self":[{"href":"https:\/\/wpexp.com.au\/cherycentrum\/wp-json\/wp\/v2\/pages\/278781","targetHints":{"allow":["GET"]}}],"collection":[{"href":"https:\/\/wpexp.com.au\/cherycentrum\/wp-json\/wp\/v2\/pages"}],"about":[{"href":"https:\/\/wpexp.com.au\/cherycentrum\/wp-json\/wp\/v2\/types\/page"}],"author":[{"embeddable":true,"href":"https:\/\/wpexp.com.au\/cherycentrum\/wp-json\/wp\/v2\/users\/1"}],"replies":[{"embeddable":true,"href":"https:\/\/wpexp.com.au\/cherycentrum\/wp-json\/wp\/v2\/comments?post=278781"}],"version-history":[{"count":17,"href":"https:\/\/wpexp.com.au\/cherycentrum\/wp-json\/wp\/v2\/pages\/278781\/revisions"}],"predecessor-version":[{"id":279478,"href":"https:\/\/wpexp.com.au\/cherycentrum\/wp-json\/wp\/v2\/pages\/278781\/revisions\/279478"}],"wp:attachment":[{"href":"https:\/\/wpexp.com.au\/cherycentrum\/wp-json\/wp\/v2\/media?parent=278781"}],"curies":[{"name":"wp","href":"https:\/\/api.w.org\/{rel}","templated":true}]}}